{"id":3684,"date":"2025-06-18T12:10:32","date_gmt":"2025-06-18T12:10:32","guid":{"rendered":"https:\/\/ecofair.be\/shop\/griottes-a-la-genievre-de-balegem-100-ml\/"},"modified":"2025-07-04T14:55:50","modified_gmt":"2025-07-04T14:55:50","slug":"griottes-a-la-genievre-de-balegem-100-ml","status":"publish","type":"product","link":"https:\/\/ecofair.be\/fr\/shop\/griottes-a-la-genievre-de-balegem-100-ml\/","title":{"rendered":"Griottes \u00e0 la geni\u00e8vre de Balegem 100 ml"},"content":{"rendered":"<p><span class=\"BxUVEf ILfuVd\" lang=\"fr\"><span class=\"hgKElc\">Les griottes \u00e0 la geni\u00e8vre de Balegem contiennent des cerises de ferme cueillies \u00e0 la main dans le jardin de la ferme, mac\u00e9r\u00e9es dans de la geni\u00e8vre de Balegem et du sucre candi. Astuce : d\u00e9licieux dans des bulles, accompagn\u00e9 des griottes sur un petit pic. Cerises de ferme, geni\u00e8vre, sucre candi et gin. 40 % vol. \u2014 Oosterzele<\/span><\/span><\/p>\n<p>&nbsp;<\/p>\n<p>&nbsp;<\/p>\n<p>&nbsp;<\/p>\n","protected":false},"excerpt":{"rendered":"<p>Griottes \u00e0 la geni\u00e8vre de Balegem : cerises de ferme cueillies \u00e0 la main dans le jardin de la ferme, mac\u00e9r\u00e9es dans de la geni\u00e8vre de Balegem et du sucre candi.<\/p>\n","protected":false},"featured_media":3648,"comment_status":"open","ping_status":"closed","template":"","meta":{"_acf_changed":false},"product_brand":[],"product_cat":[36,80],"product_tag":[],"class_list":{"0":"post-3684","1":"product","2":"type-product","3":"status-publish","4":"has-post-thumbnail","6":"product_cat-boissons","7":"product_cat-produit-local","9":"first","10":"outofstock","11":"purchasable","12":"product-type-simple"},"acf":[],"_links":{"self":[{"href":"https:\/\/ecofair.be\/fr\/wp-json\/wp\/v2\/product\/3684","targetHints":{"allow":["GET"]}}],"collection":[{"href":"https:\/\/ecofair.be\/fr\/wp-json\/wp\/v2\/product"}],"about":[{"href":"https:\/\/ecofair.be\/fr\/wp-json\/wp\/v2\/types\/product"}],"replies":[{"embeddable":true,"href":"https:\/\/ecofair.be\/fr\/wp-json\/wp\/v2\/comments?post=3684"}],"wp:featuredmedia":[{"embeddable":true,"href":"https:\/\/ecofair.be\/fr\/wp-json\/wp\/v2\/media\/3648"}],"wp:attachment":[{"href":"https:\/\/ecofair.be\/fr\/wp-json\/wp\/v2\/media?parent=3684"}],"wp:term":[{"taxonomy":"product_brand","embeddable":true,"href":"https:\/\/ecofair.be\/fr\/wp-json\/wp\/v2\/product_brand?post=3684"},{"taxonomy":"product_cat","embeddable":true,"href":"https:\/\/ecofair.be\/fr\/wp-json\/wp\/v2\/product_cat?post=3684"},{"taxonomy":"product_tag","embeddable":true,"href":"https:\/\/ecofair.be\/fr\/wp-json\/wp\/v2\/product_tag?post=3684"}],"curies":[{"name":"wp","href":"https:\/\/api.w.org\/{rel}","templated":true}]}}

Griottes à la genièvre de Balegem 100 ml

<p><span class="BxUVEf ILfuVd" lang="fr"><span class="hgKElc">Les griottes à la genièvre de Balegem contiennent des cerises de ferme cueillies à la main dans le jardin de la ferme, macérées dans de la genièvre de Balegem et du sucre candi. Astuce : délicieux dans des bulles, accompagné des griottes sur un petit pic. Cerises de ferme, genièvre, sucre candi et gin. 40 % vol. — Oosterzele</span></span></p>
<p>&nbsp;</p>
<p>&nbsp;</p>
<p>&nbsp;</p>

<p>Griottes à la genièvre de Balegem : cerises de ferme cueillies à la main dans le jardin de la ferme, macérées dans de la genièvre de Balegem et du sucre candi.</p>
