{"id":3457,"date":"2024-12-12T14:12:53","date_gmt":"2024-12-12T14:12:53","guid":{"rendered":"https:\/\/ecofair.be\/shop\/sauce-tomate-au-fenouil-rinascita\/"},"modified":"2025-07-04T14:58:32","modified_gmt":"2025-07-04T14:58:32","slug":"sauce-tomate-au-fenouil-rinascita","status":"publish","type":"product","link":"https:\/\/ecofair.be\/fr\/shop\/sauce-tomate-au-fenouil-rinascita\/","title":{"rendered":"Sauce tomate au fenouil &#8211; Rinascita"},"content":{"rendered":"<p>Cette sauce pr\u00eate \u00e0 l&#8217;emploi combine la saveur riche de la tomate Siccagno avec la note aromatique du fenouil sauvage. Les tomates sont cultiv\u00e9es biologiquement dans l&rsquo;int\u00e9rieur de la Sicile, sans irrigation artificielle. Tous les ingr\u00e9dients, des tomates au fenouil en passant par l&rsquo;huile d&rsquo;olive, sont biologiques et proviennent de la m\u00eame r\u00e9gion, garantissant une production authentique et durable. Cette sauce s&rsquo;inspire de recettes traditionnelles. En bocal, 410g<\/p>\n","protected":false},"excerpt":{"rendered":"<p>Tomantesaus met Venkel, 410gr van CO-OP Rinascita<\/p>\n","protected":false},"featured_media":3452,"comment_status":"open","ping_status":"closed","template":"","meta":{"_acf_changed":false},"product_brand":[],"product_cat":[28],"product_tag":[],"class_list":{"0":"post-3457","1":"product","2":"type-product","3":"status-publish","4":"has-post-thumbnail","6":"product_cat-nourriture","8":"first","9":"instock","10":"purchasable","11":"product-type-simple"},"acf":[],"_links":{"self":[{"href":"https:\/\/ecofair.be\/fr\/wp-json\/wp\/v2\/product\/3457","targetHints":{"allow":["GET"]}}],"collection":[{"href":"https:\/\/ecofair.be\/fr\/wp-json\/wp\/v2\/product"}],"about":[{"href":"https:\/\/ecofair.be\/fr\/wp-json\/wp\/v2\/types\/product"}],"replies":[{"embeddable":true,"href":"https:\/\/ecofair.be\/fr\/wp-json\/wp\/v2\/comments?post=3457"}],"wp:featuredmedia":[{"embeddable":true,"href":"https:\/\/ecofair.be\/fr\/wp-json\/wp\/v2\/media\/3452"}],"wp:attachment":[{"href":"https:\/\/ecofair.be\/fr\/wp-json\/wp\/v2\/media?parent=3457"}],"wp:term":[{"taxonomy":"product_brand","embeddable":true,"href":"https:\/\/ecofair.be\/fr\/wp-json\/wp\/v2\/product_brand?post=3457"},{"taxonomy":"product_cat","embeddable":true,"href":"https:\/\/ecofair.be\/fr\/wp-json\/wp\/v2\/product_cat?post=3457"},{"taxonomy":"product_tag","embeddable":true,"href":"https:\/\/ecofair.be\/fr\/wp-json\/wp\/v2\/product_tag?post=3457"}],"curies":[{"name":"wp","href":"https:\/\/api.w.org\/{rel}","templated":true}]}}

<p>Cette sauce prête à l&#8217;emploi combine la saveur riche de la tomate Siccagno avec la note aromatique du fenouil sauvage. Les tomates sont cultivées biologiquement dans l&rsquo;intérieur de la Sicile, sans irrigation artificielle. Tous les ingrédients, des tomates au fenouil en passant par l&rsquo;huile d&rsquo;olive, sont biologiques et proviennent de la même région, garantissant une production authentique et durable. Cette sauce s&rsquo;inspire de recettes traditionnelles. En bocal, 410g</p>
