{"id":2382,"date":"2021-11-30T16:53:30","date_gmt":"2021-11-30T16:53:30","guid":{"rendered":"https:\/\/ecofair.be\/shop\/huile-dolive-pour-dars\/"},"modified":"2021-11-30T16:53:30","modified_gmt":"2021-11-30T16:53:30","slug":"huile-dolive-pour-dars","status":"publish","type":"product","link":"https:\/\/ecofair.be\/fr\/shop\/huile-dolive-pour-dars\/","title":{"rendered":"HUILE D&rsquo;OLIVE POUR DARS"},"content":{"rendered":"<p id=\"tw-target-text\" class=\"tw-data-text tw-text-large tw-ta\" dir=\"ltr\" data-placeholder=\"Vertaling\"><span class=\"Y2IQFc\" lang=\"fr\">Dans cette belle bouteille d&rsquo;huile d&rsquo;olive tourn\u00e9e \u00e0 la main par Caroline van Pekgootbak avec un demi-litre d&rsquo;huile d&rsquo;olive extra vierge et un m\u00e9lange d&rsquo;huile d&rsquo;olive et d&rsquo;huile essentielle d&rsquo;origan.<\/span><\/p>\n","protected":false},"excerpt":{"rendered":"<p id=\"tw-target-text\" class=\"tw-data-text tw-text-large tw-ta\" dir=\"ltr\" data-placeholder=\"Vertaling\"><span class=\"Y2IQFc\" lang=\"fr\">Une belle bouteille d&rsquo;huile d&rsquo;olive tourn\u00e9e \u00e0 la main avec un demi-litre d&rsquo;huile d&rsquo;olive extra vierge et un m\u00e9lange d&rsquo;huile d&rsquo;olive et d&rsquo;huile essentielle d&rsquo;origan.<\/span><\/p>\n","protected":false},"featured_media":2381,"comment_status":"open","ping_status":"closed","template":"","meta":{"_acf_changed":false},"product_brand":[],"product_cat":[57],"product_tag":[],"class_list":{"0":"post-2382","1":"product","2":"type-product","3":"status-publish","4":"has-post-thumbnail","6":"product_cat-cadeautip-fr","8":"first","9":"outofstock","10":"purchasable","11":"product-type-simple"},"acf":[],"_links":{"self":[{"href":"https:\/\/ecofair.be\/fr\/wp-json\/wp\/v2\/product\/2382","targetHints":{"allow":["GET"]}}],"collection":[{"href":"https:\/\/ecofair.be\/fr\/wp-json\/wp\/v2\/product"}],"about":[{"href":"https:\/\/ecofair.be\/fr\/wp-json\/wp\/v2\/types\/product"}],"replies":[{"embeddable":true,"href":"https:\/\/ecofair.be\/fr\/wp-json\/wp\/v2\/comments?post=2382"}],"wp:featuredmedia":[{"embeddable":true,"href":"https:\/\/ecofair.be\/fr\/wp-json\/wp\/v2\/media\/2381"}],"wp:attachment":[{"href":"https:\/\/ecofair.be\/fr\/wp-json\/wp\/v2\/media?parent=2382"}],"wp:term":[{"taxonomy":"product_brand","embeddable":true,"href":"https:\/\/ecofair.be\/fr\/wp-json\/wp\/v2\/product_brand?post=2382"},{"taxonomy":"product_cat","embeddable":true,"href":"https:\/\/ecofair.be\/fr\/wp-json\/wp\/v2\/product_cat?post=2382"},{"taxonomy":"product_tag","embeddable":true,"href":"https:\/\/ecofair.be\/fr\/wp-json\/wp\/v2\/product_tag?post=2382"}],"curies":[{"name":"wp","href":"https:\/\/api.w.org\/{rel}","templated":true}]}}

<p id="tw-target-text" class="tw-data-text tw-text-large tw-ta" dir="ltr" data-placeholder="Vertaling"><span class="Y2IQFc" lang="fr">Dans cette belle bouteille d&rsquo;huile d&rsquo;olive tournée à la main par Caroline van Pekgootbak avec un demi-litre d&rsquo;huile d&rsquo;olive extra vierge et un mélange d&rsquo;huile d&rsquo;olive et d&rsquo;huile essentielle d&rsquo;origan.</span></p>

<p id="tw-target-text" class="tw-data-text tw-text-large tw-ta" dir="ltr" data-placeholder="Vertaling"><span class="Y2IQFc" lang="fr">Une belle bouteille d&rsquo;huile d&rsquo;olive tournée à la main avec un demi-litre d&rsquo;huile d&rsquo;olive extra vierge et un mélange d&rsquo;huile d&rsquo;olive et d&rsquo;huile essentielle d&rsquo;origan.</span></p>
